{"id":15696,"date":"2024-10-18T20:34:35","date_gmt":"2024-10-18T20:34:35","guid":{"rendered":"https:\/\/valentinaintima.com\/?post_type=product&#038;p=15696"},"modified":"2024-10-22T15:48:50","modified_gmt":"2024-10-22T15:48:50","slug":"corset-chaleco","status":"publish","type":"product","link":"https:\/\/valentinaintima.com\/index.php\/producto\/corset-chaleco\/","title":{"rendered":"Corset Chaleco"},"content":{"rendered":"<p><strong>Caracter\u00edsticas:<\/strong><\/p>\n<p>&#8211; 5 niveles de broches ajustables para un ajuste personalizado<\/p>\n<p>&#8211; 14 varillas de acero para un soporte \u00f3ptimo y duradero<\/p>\n<p>&#8211; Dise\u00f1o brocado elegante y sofisticado<\/p>\n<p>&#8211; Estilo chaleco para una c\u00f3moda y vers\u00e1til utilizaci\u00f3n<\/p>\n<p><strong>Ayuda a:<\/strong><\/p>\n<p>&#8211; Corregir la postura y reducir el dolor de espalda<\/p>\n<p>&#8211; Reducir medidas y modelar la silueta<\/p>\n<p>&#8211; Accesorio perfecto para cualquier ocasi\u00f3n<\/p>\n<p><strong>Beneficios:<\/strong><\/p>\n<p>&#8211; Mejora la postura y reduce el estr\u00e9s en la espalda<\/p>\n<p>&#8211; Proporciona soporte y estabilidad para la columna vertebral<\/p>\n<p>&#8211; Ayuda a reducir la tensi\u00f3n muscular y el dolor de espalda<\/p>\n<p>&#8211; Ajustable y c\u00f3modo para un uso prolongado<\/p>\n<p>&#8211; Reducci\u00f3n de medidas gracias a su dise\u00f1o modelador<\/p>\n<p>&#8211; Un toque de elegancia como accesorio<\/p>\n","protected":false},"excerpt":{"rendered":"<p>Corset Chaleco Fortalecedor y Modelador con Dise\u00f1o Brocado<\/p>\n","protected":false},"featured_media":15705,"comment_status":"open","ping_status":"closed","template":"","meta":[],"product_cat":[123,120],"product_tag":[],"class_list":{"0":"post-15696","1":"product","2":"type-product","3":"status-publish","4":"has-post-thumbnail","6":"product_cat-corsets-underbust","7":"product_cat-ofertas","9":"first","10":"instock","11":"sale","12":"shipping-taxable","13":"purchasable","14":"product-type-variable","15":"wvs-archive-product-wrapper"},"_links":{"self":[{"href":"https:\/\/valentinaintima.com\/index.php\/wp-json\/wp\/v2\/product\/15696","targetHints":{"allow":["GET"]}}],"collection":[{"href":"https:\/\/valentinaintima.com\/index.php\/wp-json\/wp\/v2\/product"}],"about":[{"href":"https:\/\/valentinaintima.com\/index.php\/wp-json\/wp\/v2\/types\/product"}],"replies":[{"embeddable":true,"href":"https:\/\/valentinaintima.com\/index.php\/wp-json\/wp\/v2\/comments?post=15696"}],"version-history":[{"count":2,"href":"https:\/\/valentinaintima.com\/index.php\/wp-json\/wp\/v2\/product\/15696\/revisions"}],"predecessor-version":[{"id":15714,"href":"https:\/\/valentinaintima.com\/index.php\/wp-json\/wp\/v2\/product\/15696\/revisions\/15714"}],"wp:featuredmedia":[{"embeddable":true,"href":"https:\/\/valentinaintima.com\/index.php\/wp-json\/wp\/v2\/media\/15705"}],"wp:attachment":[{"href":"https:\/\/valentinaintima.com\/index.php\/wp-json\/wp\/v2\/media?parent=15696"}],"wp:term":[{"taxonomy":"product_cat","embeddable":true,"href":"https:\/\/valentinaintima.com\/index.php\/wp-json\/wp\/v2\/product_cat?post=15696"},{"taxonomy":"product_tag","embeddable":true,"href":"https:\/\/valentinaintima.com\/index.php\/wp-json\/wp\/v2\/product_tag?post=15696"}],"curies":[{"name":"wp","href":"https:\/\/api.w.org\/{rel}","templated":true}]}}